igit of l?
2
Suppose -5*r = 0, -6*r = b - 9*r - 1257. What is the thousands digit of b?
1
Let k(h) = h**3 + 153*h + 1. What is the thousands digit of k(13)?
4
Let b be 3/2 - 8/(-16). Suppose -h = -b*h. Suppose h = 2*x - 3*j - 97, -2*x - j + 132 = 3*j. What is the tens digit of x?
5
Let q(m) = -m**3 - 26*m**2 + 43*m + 31. What is the hundreds digit of q(-28)?
3
Suppose 0 = -15*w + 34676 - 1301. What is the thousands digit of w?
2
Let z be (8 + 49/(-14))/(1/(-2)). What is the units digit of z/(9/4) + 81?
7
Let h = 367 + -257. What is the tens digit of h?
1
Suppose o = 2*o - q, -2*o - 3 = -3*q. Suppose -2*n - 4*v = o*n - 51, -n = -v - 3. What is the units digit of n?
7
Let u(h) = h**2 + 4*h - 2. Let s be u(-4). Let a(y) = -95*y - 11. What is the units digit of a(s)?
9
Let r(o) = -o**2 - 7*o - 1. Let p(k) = k. Let a(n) = -4*p(n) - r(n). Let c = -13 - -9. What is the units digit of a(c)?
5
Let a = 8 + -19. Let m(k) = k**3 - 6*k - 8. Let s be m(4). Let p = s + a. What is the tens digit of p?
2
Let b(t) = -57*t - 21. What is the units digit of b(-8)?
5
Let k(o) be the second derivative of o**4/12 + 11*o**3/6 + 3*o**2 - 7*o + 6. Let r be 2*(-1)/(-2) - 14. What is the tens digit of k(r)?
3
Suppose -4*p = p + 30. Let h be 2/((-8)/(-4))*p. Let f(q) = -q**3 - 4*q**2 + 8*q + 4. What is the tens digit of f(h)?
2
Let f(x) = -x. Let p be f(-5). Let i = -62 + 64. Suppose 4*w = 3*v - 26, -3*v - i*v = w - p. What is the units digit of v?
2
Let p = -2952 + 5152. What is the thousands digit of p?
2
Suppose 0 = 5*c + 4*w - 3244, 2*w = -4*c - 135 + 2729. What is the units digit of c?
8
Let m = 390 - 266. Let b = m - -48. What is the tens digit of b?
7
Suppose -7 = -w - 2, -4*r - 5*w + 41 = 0. Suppose y + 3*z - 31 = 0, y + 4*z - 62 = -y. Suppose r*h + y = 5*h. What is the units digit of h?
1
Let q = -218 + -12. Let i = -158 - q. What is the units digit of i?
2
Suppose 0 = 35*i - 30*i + 15. Let z(g) = -9*g**3 - 2*g**2 - g - 2. What is the hundreds digit of z(i)?
2
Let r be (1 + -3 + 1)*-2. What is the units digit of (-55 - (r + -3))/(-1)?
4
Let q(v) = -3*v - 6. Let p be q(-13). Let a = p + 41. What is the units digit of a?
4
Suppose -4*r + b + 471 = -1000, r - 379 = -2*b. What is the hundreds digit of r?
3
Let n(g) = 11*g + 58. What is the hundreds digit of n(19)?
2
What is the tens digit of (-26)/((-8)/((-2064)/(-1038)) - -4)?
1
Let l(u) = -6*u - 29. Let d be l(-14). Suppose -d = -a + 61. What is the tens digit of a?
1
Suppose -3*s - 4*r - 4 = 0, 4*r + 0*r = -4*s - 4. Suppose s*x = -5*x + 35. What is the units digit of x?
7
Suppose 126*m - 65247 = 113*m. What is the thousands digit of m?
5
Let d(j) = -2*j - 6. Let r be d(6). Let w = r - -27. Suppose w = 3*y - 21. What is the units digit of y?
0
Let x be (-945)/(-84) + (-2)/8. Let s be -8 + x - 0/(-2). What is the units digit of s/9 + 428/12?
6
Suppose 0 = 5*s - s + 40. Let n(i) be the first derivative of i**4/4 + 3*i**3 - 11*i**2/2 + 4*i - 31. What is the units digit of n(s)?
4
Let u(z) = 2*z**2 - 2*z - 2. Let k be u(6). Suppose 4*m - k = -2*j + 68, 360 = 5*j + m. What is the units digit of j?
3
Let f(s) = s**2 + 5. Let v = 5 - -3. Let r be f(v). Suppose -5*g + r = 2*k, 7*k - 48 = -4*g + 3*k. What is the units digit of g?
5
Let w = 2 + 0. Suppose 3*q + w*q = 155. Suppose 2*f + f = -l + 93, 0 = -f + 2*l + q. What is the tens digit of f?
3
Let i = -4 - -2. Let r be 78/(-18) - i/6. What is the units digit of -16*-1*(-5)/r?
0
Let r(u) = -15*u**3 + u**2 + 4*u - 10. What is the hundreds digit of r(-5)?
8
Let c be 256/(-6)*(-9)/4. Let p = 193 - c. Suppose -5*l + p = 22. What is the tens digit of l?
1
Let d(l) be the third derivative of -l**4/24 + 73*l**3/6 + 7*l**2. Let h be d(0). Suppose -3*b + 68 = -h. What is the units digit of b?
7
Let z(b) = -b**3 + 7*b**2 - 5*b. Suppose 15 = 7*s - 4*s. Let t be z(s). Suppose -t = -2*q + 41. What is the tens digit of q?
3
Let m(a) = 10*a**2 - 2*a - 34. What is the units digit of m(-9)?
4
Suppose -47*s = -52*s + 1045. Suppose 3*w - t - 710 = 0, 3*w - 2*t - 506 = s. What is the units digit of w?
5
Let p(v) = v**3 + 10*v**2 + 15*v - 4. Let k be p(-8). Suppose -41 = -b - k*l, -2*l = l. What is the tens digit of b?
4
Suppose 4*z = 8, 8666 = 2*r + 3*z - 0*z. What is the thousands digit of r?
4
Suppose 510 = 4*o - 2*r, 0 = 5*o - 5*r + 4*r - 645. What is the units digit of o?
0
Let l(z) = -1. Let b(i) = 8*i - 7. Let o(h) = b(h) + 4*l(h). Suppose -y = -35*y + 170. What is the tens digit of o(y)?
2
Let b be 4 + -8 + 1 + 68. Suppose 3*h = b - 227. Let l = h - -83. What is the tens digit of l?
2
Let c(h) = 30*h - 36. What is the tens digit of c(13)?
5
Let x(y) = 21*y**2 - 7*y + 16. What is the units digit of x(2)?
6
Let j(i) be the first derivative of -6*i**2 - 2*i - 9. Let l(h) = -h**2 - 2*h + 5. Let t be l(-4). What is the units digit of j(t)?
4
Let q = 89 - 90. What is the hundreds digit of 4/14 + q + (-943)/(-7)?
1
Let x = 330 - -328. Let g = x + -378. What is the tens digit of g?
8
Let y(u) = u**3 + 16*u**2 + 2*u - 16. What is the tens digit of y(-13)?
6
Let p(x) = 228*x**2 + 4*x + 9. What is the units digit of p(-3)?
9
Let q(r) = r**3 + 9. Let d be q(0). Suppose 3*v = 4*f - d, 33 = 4*f + 3*v - 6. What is the units digit of f?
6
Let n(u) = -u**3 - 11*u**2 + 30*u - 3. Let g be n(-13). What is the tens digit of ((-22)/g)/(1/90)?
3
Let w(m) = m**2 - 9*m - 6. Suppose 0 = 5*x, -r - 6 = -4*x + 2*x. What is the tens digit of w(r)?
8
Let i(s) = s**2 + 11*s - 50. Let r be i(-15). Let l = -38 - -22. What is the tens digit of 75/r*l/(-5)?
2
Suppose 0 = -0*i - 4*i + 28. What is the units digit of (i/(-3))/(5/(-150))?
0
Suppose 3*x + 567 = -3*q, -361 = 3*x + 2*q + 211. Let n = 343 + x. What is the hundreds digit of n?
1
Suppose s - 1 = 3. Suppose -d + 2*k - 12 = 0, s*d + k = -4*k - 100. What is the units digit of 15/(-5) - (2 + d)?
5
Suppose p - 398 = -2*m + 15, -m + 209 = p. Let b = m + -94. What is the units digit of b?
0
Let d = 175 + -19. Let a = -36 + d. Suppose a = -i + 7*i. What is the tens digit of i?
2
Let g = 13269 + -8748. What is the thousands digit of g?
4
Let c = -4 - -7. Let w = 76 - 28. Suppose -c*z = -0*z - w. What is the tens digit of z?
1
Suppose 0 = 2*f, -2*n + 92 = 5*f - 500. What is the hundreds digit of n?
2
What is the hundreds digit of (-2)/32 + 20548/64?
3
What is the hundreds digit of 611 - 3*3/(-36)*4?
6
Suppose -5*j - 303 = -2*y, -288 = -2*y - 30*j + 32*j. What is the tens digit of y?
3
Suppose -4*s - 4*a + 224 = 0, -152 = -3*s - 3*a + 4*a. Let w = 3 + s. What is the tens digit of w?
5
What is the units digit of 852670/420 + (2 - (-13)/(-6))?
0
Let i(w) = w**3 + w**2 - 2*w - 1. Let g be i(2). Let x = g - 3. Suppose -f - 4*f + 20 = 0, -x*f = 4*l - 48. What is the units digit of l?
8
Let p = 34 - 58. Let t = 10 + p. Let g = -5 - t. What is the units digit of g?
9
Suppose -5*n + 0 = 5, 4008 = 2*k + 2*n. What is the hundreds digit of k?
0
What is the thousands digit of (-23)/(-184) + (-4)/(128/(-182524))?
5
Let z = -269 - -3073. What is the units digit of z?
4
Let s = 774 + -547. What is the tens digit of s?
2
Let j = -28 - -53. What is the hundreds digit of ((-580)/j)/(4/(-20))?
1
What is the hundreds digit of (-3 - (-1792)/2)/1?
8
Let u be -6 + 4/(-3 - -5). Let j be (-1*11)/(2/u). Suppose -z + j = z. What is the units digit of z?
1
Suppose 115 = 5*o - w, 19 = -0*o + o - w. What is the tens digit of 3/(-18) - (3 + (-2116)/o)?
8
Let h(j) be the first derivative of j**2/2 + 4*j - 3. Let b be h(0). Suppose 3*d - 5*s = 37, 4*s = -b*d - s + 96. What is the tens digit of d?
1
Let f(s) = -7*s**3 - 51*s**2 - 23*s - 29. What is the units digit of f(-11)?
0
Let a(n) = n**3 + 9*n**2 + 3*n + 13. Let y be a(-10). Suppose -2*p = -4*w - 358, 3*p - 839 = -2*p - 4*w. Let r = y + p. What is the tens digit of r?
5
Let b = 1029 + -624. What is the units digit of b?
5
Let w(t) be the second derivative of -7*t - 5/2*t**2 + 0 + 1/2*t**3 - 5/12*t**4 + 1/10*t**5. What is the tens digit of w(4)?
5
Let w = -25 + 27. Suppose w*g - 15 = -g. What is the units digit of g?
5
Let d(p) = 59*p - 122*p + 60*p - 7 - p**3 + 3*p**3 - 2*p**2. What is the tens digit of d(3)?
2
Let m(l) = 14*l + 27. Let k be m(-12). Let t = -24 - k. What is the tens digit of t?
1
Let t be (1 - 2) + (-13)/(-1). Suppose t*m = 3*m + 20